ors of 936.
2, 3, 13
List the prime factors of 1139.
17, 67
List the prime factors of 24598.
2, 7, 251
What are the prime factors of 877?
877
List the prime factors of 10854.
2, 3, 67
What are the prime factors of 19970?
2, 5, 1997
List the prime factors of 6652.
2, 1663
List the prime factors of 833.
7, 17
List the prime factors of 65747.
11, 43, 139
List the prime factors of 8001.
3, 7, 127
What are the prime factors of 1317?
3, 439
What are the prime factors of 15734?
2, 7867
List the prime factors of 16833.
3, 31, 181
List the prime factors of 2643.
3, 881
List the prime factors of 3612.
2, 3, 7, 43
What are the prime factors of 5519?
5519
List the prime factors of 688.
2, 43
List the prime factors of 13204.
2, 3301
List the prime factors of 12916.
2, 3229
What are the prime factors of 4695?
3, 5, 313
List the prime factors of 4304.
2, 269
What are the prime factors of 2443?
7, 349
List the prime factors of 5977.
43, 139
List the prime factors of 573.
3, 191
What are the prime factors of 579?
3, 193
What are the prime factors of 1987?
1987
List the prime factors of 11956.
2, 7, 61
What are the prime factors of 1530?
2, 3, 5, 17
List the prime factors of 26022.
2, 3, 4337
List the prime factors of 5355.
3, 5, 7, 17
What are the prime factors of 182?
2, 7, 13
List the prime factors of 3954.
2, 3, 659
List the prime factors of 14025.
3, 5, 11, 17
List the prime factors of 3377.
11, 307
What are the prime factors of 1008?
2, 3, 7
What are the prime factors of 23958?
2, 3, 11
What are the prime factors of 2211?
3, 11, 67
What are the prime factors of 628?
2, 157
What are the prime factors of 46654?
2, 23327
What are the prime factors of 8600?
2, 5, 43
What are the prime factors of 54862?
2, 27431
What are the prime factors of 5445?
3, 5, 11
What are the prime factors of 1125?
3, 5
List the prime factors of 4606.
2, 7, 47
What are the prime factors of 1180?
2, 5, 59
What are the prime factors of 142047?
3, 5261
List the prime factors of 2442.
2, 3, 11, 37
List the prime factors of 3961.
17, 233
List the prime factors of 108290.
2, 5, 7, 13, 17
What are the prime factors of 5402?
2, 37, 73
List the prime factors of 2822.
2, 17, 83
What are the prime factors of 10242?
2, 3, 569
List the prime factors of 111210.
2, 3, 5, 11, 337
List the prime factors of 7134.
2, 3, 29, 41
List the prime factors of 791.
7, 113
What are the prime factors of 37954?
2, 7, 2711
What are the prime factors of 231?
3, 7, 11
List the prime factors of 10161.
3, 1129
List the prime factors of 7305.
3, 5, 487
What are the prime factors of 51318?
2, 3, 2851
List the prime factors of 14847.
3, 7, 101
What are the prime factors of 1199?
11, 109
List the prime factors of 3056.
2, 191
List the prime factors of 4062.
2, 3, 677
What are the prime factors of 1023?
3, 11, 31
List the prime factors of 20520.
2, 3, 5, 19
List the prime factors of 2723.
7, 389
List the prime factors of 45802.
2, 22901
List the prime factors of 3883.
11, 353
What are the prime factors of 2822?
2, 17, 83
List the prime factors of 52691.
52691
List the prime factors of 868.
2, 7, 31
List the prime factors of 1116.
2, 3, 31
List the prime factors of 2767.
2767
What are the prime factors of 81904?
2, 5119
List the prime factors of 1161.
3, 43
List the prime factors of 15323.
7, 11, 199
What are the prime factors of 1857?
3, 619
What are the prime factors of 931?
7, 19
List the prime factors of 5273.
5273
List the prime factors of 6724.
2, 41
What are the prime factors of 1231?
1231
List the prime factors of 5424.
2, 3, 113
What are the prime factors of 21729?
3, 7243
List the prime factors of 32677.
41, 797
List the prime factors of 184.
2, 23
What are the prime factors of 22825?
5, 11, 83
List the prime factors of 943.
23, 41
List the prime factors of 2654.
2, 1327
List the prime factors of 2680.
2, 5, 67
What are the prime factors of 1214?
2, 607
What are the prime factors of 58778?
2, 29389
What are the prime factors of 1353?
3, 11, 41
What are the prime factors of 1207?
17, 71
List the prime factors of 1400.
2, 5, 7
List the prime factors of 299.
13, 23
What are the prime factors of 1005?
3, 5, 67
What are the prime factors of 2289?
3, 7, 109
List the prime factors of 1609.
1609
List the prime factors of 192.
2, 3
List the prime factors of 11195.
5, 2239
What are the prime factors of 20988?
2, 3, 11, 53
What are the prime factors of 1711?
29, 59
What are the prime factors of 504?
2, 3, 7
List the prime factors of 1085.
5, 7, 31
List the prime factors of 10223.
10223
List the prime factors of 10900.
2, 5, 109
List the prime factors of 35410.
2, 5, 3541
List the prime factors of 11239.
11239
List the prime factors of 7802.
2, 47, 83
What are the prime factors of 1100?
2, 5, 11
List the prime factors of 846.
2, 3, 47
List the prime factors of 124.
2, 31
What are the prime factors of 17407?
13, 103
List the prime factors of 10251.
3, 17, 67
What are the prime factors of 96360?
2, 3, 5, 11, 73
What are the prime factors of 2501?
41, 61
What are the prime factors of 41964?
2, 3, 13, 269
What are the prime factors of 16361?
16361
List the prime factors of 64455.
3, 5, 4297
List the prime factors of 111928.
2, 17, 823
List the prime factors of 64545.
3, 5, 13, 331
List the prime factors of 13316.
2, 3329
What are the prime factors of 4474?
2, 2237
What are the prime factors of 64647?
3, 11, 653
What are the prime factors of 5854?
2, 2927
What are the prime factors of 18711?
3, 7, 11
List the prime factors of 10707.
3, 43, 83
What are the prime factors of 7055?
5, 17, 83
What are the prime factors of 5708?
2, 1427
What are the prime factors of 17539?
17539
What are the prime factors of 70422?
2, 3, 11, 97
What are the prime factors of 2081?
2081
List the prime factors of 113922.
2, 3, 6329
List the prime factors of 23440.
2, 5, 293
List the prime factors of 21724.
2, 5431
List the prime factors of 889.
7, 127
What are the prime factors of 10860?
2, 3, 5, 181
What are the prime factors of 1875?
3, 5
What are the prime factors of 831?
3, 277
What are the prime factors of 3458?
2, 7, 13, 19
List the prime factors of 127881.
3, 13, 1093
List the prime factors of 6970.
2, 5, 17, 41
What are the prime factors of 87656?
2, 10957
List the prime factors of 6845.
5, 37
What are the prime factors of 3397?
43, 79
What are the prime factors of 1167?
3, 389
List the prime factors of 88335.
3, 5, 13, 151
What are the prime factors of 41378?
2, 17, 1217
What are the prime factors of 184?
2, 23
List the prime factors of 11757.
3, 3919
List the prime factors of 93594.
2, 3, 19, 821
What are the prime factors of 7745?
5, 1549
What are the prime factors of 4174?
2, 2087
What are the prime factors of 1331?
11
List the prime factors of 33.
3, 11
What are the prime factors of 705?
3, 5, 47
List the prime factors of 544.
2, 17
What are the prime factors of 1706?
2, 853
What are the prime factors of 27546?
2, 3, 4591
What are the prime factors of 16401?
3, 7, 11, 71
List the prime factors of 58126.
2, 29063
What are the prime factors of 1028?
2, 257
What are the prime factors of 1904?
2, 7, 17
List the prime factors of 5954.
2, 13, 229
What are the prime factors of 793?
13, 61
List the prime factors of 367.
367
What are the prime factors of 816?
2, 3, 17
List the prime factors of 1165.
5, 233
What are the prime factors of 31179?
3, 19, 547
What are the prime factors of 159?
3, 53
What are the prime factors of 32153?
11, 37, 79
List the prime factors of 2192.
2, 137
List the prime factors of 7667.
11, 17, 41
List the prime factors of 15835.
5, 3167
What are the prime factors of 808?
2, 101
What are the prime factors of 7708?
2, 41, 47
List the prime factors of 11552.
2, 19
What are the prime factors of 5250?
2, 3, 5, 7
What are the prime factors of 10319?
17, 607
What are the prime factors of 44793?
3, 7, 79
List the prime factors of 73709.
73709
What are the prime factors of 4183?
47, 89
List the prime factors of 866.
2, 433
List the prime factors of 801.
3, 89
List the prime factors of 25214.
2, 7, 1801
What are the prime factors of 68128?
2, 2129
List the prime factors of 3078.
2, 3, 19
List the prime factors of 64854.
2, 3, 1201
What are the prime factors of 870?
2, 3, 5, 29
What are the prime factors of 6229?
6229
List the prime 